 x(k) = 2*k**2 + 49*k + 25. What are the prime factors of x(-34)?
11, 61
Suppose 5*o = 7*o - 178. What are the prime factors of o?
89
Suppose -4268 = -3*k - k - 4*y, -5*k + 2*y + 5314 = 0. What are the prime factors of k?
2, 7, 19
Suppose c + r - 1851 = 0, c - 4*r - 2889 + 1018 = 0. What are the prime factors of c?
5, 7, 53
Suppose 0 = 3*l + 3*m - 1305, -2*l + 3*m + 236 = -619. What are the prime factors of l?
2, 3
What are the prime factors of 3*201*74/111?
2, 3, 67
Suppose -4*k = 4*z + 24, -z + 0*z - 16 = 3*k. Let j be (-15 - -11)*(0 - z). Let b = j + 12. What are the prime factors of b?
2
Suppose 18 = 5*t - r, 2*r = t + t - 12. Suppose -4*n + 72 = t*d, 0 = 2*d + 2*d - n - 96. What are the prime factors of d?
2, 3
Let x = 787 + -242. Suppose 5*w - h - x = -0*h, 2*w - 4*h - 218 = 0. List the prime factors of w.
109
Let i = -49 + 52. Suppose -3*z + 0*p + 275 = -p, 0 = i*z + p - 265. List the prime factors of z.
2, 3, 5
Suppose -12*b = o - 10*b - 2831, 9*o - 25466 = -5*b. List the prime factors of o.
3, 23, 41
Let o = 17 + -1. Let n = o - -5. List the prime factors of n.
3, 7
Suppose -5*i + 4*z = z - 325, 4*z + 260 = 4*i. Suppose m + 5*b = 4*m - i, -2*m + 4*b = -42. What are the prime factors of m?
5
Let r(f) = f**2 - 2*f - 68. What are the prime factors of r(-11)?
3, 5
Let l(a) = 5*a - 27. Let f be l(13). Suppose 5*z = -y + 512, z + 2*y - 135 = -f. List the prime factors of z.
103
Let s(u) = 4*u**2 - 19*u - 12. List the prime factors of s(13).
3, 139
Let p(c) = c**3 + 6*c + 3230. List the prime factors of p(0).
2, 5, 17, 19
Suppose -22203 = 71*o - 80*o. List the prime factors of o.
2467
Let v(p) = p - 1. Let d(r) = 3*r - 12. Let w(a) = d(a) - 5*v(a). Suppose 3*o = 4*n - 40, -5*n + 30 = -3*o - 14. List the prime factors of w(o).
3
Let y = -25 - -32. List the prime factors of 3/9*(y + 272).
3, 31
Suppose 2*y = 3*r + 43, -4*r - 62 = -3*y - 2*y. Let h = r - -24. Suppose -h*c + 420 = -5*c. List the prime factors of c.
2, 5, 7
Let n(i) be the second derivative of i**5/20 - i**4 - i**3/6 + 29*i**2/2 - 11*i. List the prime factors of n(12).
17
Suppose 7*k = 109 + 3. Suppose 2*w - 74 = -h, 1 = 5*w + k. List the prime factors of h.
2, 5
Suppose 20*m = 15*m + 60. Suppose 14*d + m = 16*d. What are the prime factors of d?
2, 3
Let g be 3 + (22*16)/4. What are the prime factors of 1207/13 - (-14)/g?
3, 31
Suppose 0 = -5*q + 908 + 1612. What are the prime factors of q?
2, 3, 7
Let z be 3/((-1)/((-2)/3)). Suppose j + 4*k - 8 = 0, z*k - k = 2*j - 25. List the prime factors of (-12 - 3)*j/(-9).
2, 5
Let y(d) = 22*d - 86. What are the prime factors of y(24)?
2, 13, 17
Suppose q = -0 + 5, v + 25 = 5*q. Suppose 3*g - 7*g + 4*b + 36 = v, g + b - 13 = 0. Suppose -2*y + 49 = -g. List the prime factors of y.
2, 3, 5
Let r be (1/(6/(-15)) + 1)*60. What are the prime factors of -1 - r - (4 + 1 + -4)?
2, 11
Let m(l) = -2*l**3 + 12*l**2 + 6. Let i be m(6). Suppose i*y + 20 = 10*y. Suppose y*v - 4*c = 149, -2*v - v + 2*c = -91. What are the prime factors of v?
3, 11
Suppose -5*j + c + 36 = 5*c, 2*j - 2*c = 18. List the prime factors of 2 + (j/24)/(1/516).
2, 3, 29
Let q = -186 - -267. Suppose p - 5 = -c + q, 2*p = -8. List the prime factors of c.
2, 3, 5
Let b(j) = 3*j**3 - 2*j**2 + 3*j - 4. Let o be b(2). What are the prime factors of -212*(o/(-8) - -2)?
53
Suppose 11*i - 146 = -586. Let n = 56 - i. List the prime factors of n.
2, 3
Suppose -5*l + 0*s - 56 = s, 16 = 4*s. Let t(g) = g**3 + 13*g**2 + 8*g - 4. Let y be t(l). Let u = 62 - y. What are the prime factors of u?
2, 3
Suppose 70*p - 65*p - 680 = 0. List the prime factors of p.
2, 17
Let n be 2 + (-3 - (-4 + 1)). Suppose -46 = n*d - 118. List the prime factors of d.
2, 3
Suppose 2*b + 2*g = 14, 2*b - 2 = 3*g + 2. Suppose 1 + 9 = b*r. Suppose 0 = r*j + 6 - 24. What are the prime factors of j?
3
Suppose 0 = 4*j - 2*j + 2*f + 2, f + 3 = 0. Let y = 10 + -1. Suppose y*h - j*h - 42 = 0. List the prime factors of h.
2, 3
Let q be (60/(-9))/((-3)/(-9)). Let a = q + 57. List the prime factors of a.
37
Let a be (-9)/(-54) + 829/(-6). Let q = a - -16. Let i = -75 - q. What are the prime factors of i?
47
Suppose -4*u + 4*n + 1332 = -2*u, -u - 2*n + 658 = 0. What are the prime factors of u?
2, 331
Suppose -1996 - 2528 = -13*b. List the prime factors of b.
2, 3, 29
Let j be (-5 - -1)*(-162)/72. Let n = 27 - j. List the prime factors of n.
2, 3
List the prime factors of 12 + (9 - -1303) + 8*1.
2, 3, 37
Suppose t = -5 + 26. Let w = 14 - 20. What are the prime factors of 414/t + w/(-21)?
2, 5
Let r = 116 + -29. Suppose -2*f - 2*m + 278 = 0, f - m = 48 + r. What are the prime factors of f?
137
Suppose -678 = -q - 5*c, -c = -2*q - 0*c + 1367. List the prime factors of q.
683
Let u be ((-11)/((-220)/(-32)))/((-4)/10). Suppose 3*c + v = 27, u*c - 4*v - 7 = 13. List the prime factors of c.
2
Let g be ((-12)/(-14))/(9/42). Let p(t) = t. Let r be p(g). Suppose 4*m = -a + 14, 2*a - 3*m = r*a - 28. List the prime factors of a.
2, 7
Let s = -475 + 732. List the prime factors of s.
257
Suppose 16*u - 5922 = 9*u. List the prime factors of u/4*(-12)/(-18).
3, 47
Let g = -237 + 394. Suppose -g = -2*c - 57. What are the prime factors of c?
2, 5
Let l(y) = 32*y - 1. Let o(g) = -g + 3. Let h be o(4). Let c be (-9)/(-12) - h/4. What are the prime factors of l(c)?
31
Let u(i) = i**3 - 8*i**2 + 14*i - 17. Let t be u(8). Let x = t - 27. List the prime factors of x.
2, 17
Suppose 0*r + 5*d + 268 = -4*r, 0 = -2*r + 2*d - 152. Let f = -32 - r. Let o = f - 16. What are the prime factors of o?
2, 3
What are the prime factors of (-1)/2 - (-7)/(84/4734)?
2, 197
Let h be (-54)/(-4)*10/(-15). What are the prime factors of h/(-6) + (-254)/(-4)?
5, 13
Let o = -469 - -2308. What are the prime factors of o?
3, 613
Let w(x) = 2*x**3 - 11*x**2 - 3*x + 3. Suppose -4*c + 23 = -2*h + 1, 3 = 3*h. What are the prime factors of w(c)?
3, 7
Suppose -7 = -5*n + 3. List the prime factors of (1 - 0) + 152/n - 1.
2, 19
Let z be 18/8*(-32)/(-6). Let g be (18/z)/(3/10). Suppose -75 + 0 = -g*d. List the prime factors of d.
3, 5
Suppose 1377 = 3*p + 5*l, 104 = 4*p - 4*l - 1732. List the prime factors of p.
3, 17
Let q be 8/2 - (-1 + 4). Let v = -28 + 51. List the prime factors of (v + q)/((-9)/(-6)).
2
Let d(r) = -r**2 - 20*r + 30. Let g be d(-13). Suppose f - 26 = n - g, n + 5*f = 77. List the prime factors of n.
2, 23
Let s = 66 + 294. Suppose 3*t + s = 5*t. List the prime factors of -3 - (-1)/(5/t).
3, 11
List the prime factors of 10/3 - (-305248)/96.
3, 1061
Let w(c) = -17*c + 1. Let y = -21 - -26. Suppose m = -3*b + 7*b + 3, -b = 4*m + y. List the prime factors of w(b).
2, 3
Suppose -12*n = 121 + 1079. Let i = 213 + n. What are the prime factors of i?
113
Let p(m) = -4*m**2 + 2 - 4*m**3 + 2*m**3 + m**3. Let l be p(-4). Suppose 5*v = l*s + 50, -3*s - 12 - 43 = -5*v. List the prime factors of v.
2
Let c(t) = -t + 5. Let j be c(2). Suppose 4*w + 3*m + 2*m + 25 = 0, -2*m + 36 = -j*w. What are the prime factors of (-60)/18*18/w?
2, 3
Suppose 3*d - 7 - 5 = 3*v, -3*d = 5*v + 20. Let a(o) be the third derivative of o**6/120 + o**5/10 + o**4/4 + o**3/3 - o**2. What are the prime factors of a(v)?
2, 5
Let r(v) = 2*v**2 + 12*v + 3. Let h be r(-6). Suppose -4*f = 3*b - 243, -f + 4*f = h*b + 177. What are the prime factors of f?
2, 3, 5
Let h = -47 + 537. What are the prime factors of h?
2, 5, 7
Let p(i) = i**3 + 20*i**2 - i - 63. What are the prime factors of p(-19)?
317
Let d(h) = -23*h + 49. List the prime factors of d(-11).
2, 151
Let j(o) = -o**3 + 6*o**2 - 5*o - 1. Let b be j(5). Let c be (1 - -3 - b)*1. Suppose 14 = z + c*m, m - 3 = -2. What are the prime factors of z?
3
Suppose -450*r + 9756 = -438*r. List the prime factors of r.
3, 271
Let u(h) = -h**3 + 13*h**2 + 5*h + 13. Let x be u(-11). List the prime factors of ((-2)/6)/((-6)/x).
3, 53
Suppose -28 - 7 = -5*n. Suppose 0 = 4*z - 34 + 2. Suppose 8*t - n*t - z = 0. List the prime factors of t.
2
Let r be ((-172)/(-3))/(8/12). Let x = r - 60. What are the prime factors of x?
2, 13
Suppose -3*l + q + 573 = 0, -4*q - 573 = -2*l - l. Suppose -4*r + 13 = -3. Suppose -p = 5*z - 60, 2*p = -p - r*z + l. List the prime factors of p.
5, 13
Let j(p) = 3*p**3 - 15*p**2 - 4*p - 14. Let l(c) = 8*c**3 - 44*c**2 - 12*c - 42. Let o(r) = -11*j(